 w(n) = -20*n. Let p(v) = 7*v. Let y(j) = 14*p(j) + 5*w(j). Let k be y(-7). What is the greatest common factor of k and 35?
7
Let p(z) = -2*z**3 - 2450*z**2 + 2468*z**2 + 4*z**3 + 2*z - 3*z. Suppose -4*b - 9 = -3*b. Let w be p(b). Calculate the greatest common factor of w and 45.
9
Suppose -4*y - 17 + 54 = -5*w, -y - 2*w = 7. Suppose 5*q - 6*q + y = 0. Suppose q*k = -9 + 39. Calculate the highest common factor of 100 and k.
10
Let s = 1433 + -1013. Calculate the highest common divisor of s and 180.
60
Suppose -4*n - 3*j + 105 = 0, 5*j - 8*j + 75 = 3*n. Calculate the highest common factor of 1770 and n.
30
Let f(z) = -z - 1. Let r(d) = -3*d**2 - 18*d - 12. Let t(g) = 12*f(g) - r(g). Let v be t(-4). Calculate the greatest common factor of 120 and v.
24
Let f be ((-1)/(-12)*4)/(1/(-87)). Let v = f + 42. Calculate the highest common divisor of 117 and v.
13
Let l = 19 + -9. Suppose 0 = 6*a - l*a + 408. Suppose -2*y + a = -24. What is the greatest common factor of y and 21?
21
Suppose -302*k + 297*k = -1370. Calculate the highest common factor of 2 and k.
2
Let t = -3 + 8. Let v be 5 + -2*2/(-4). Let h be 9 + (-2 - -1)*(-6)/v. What is the greatest common factor of t and h?
5
Let t = 411 - 290. Let s = -64 + t. What is the highest common factor of 57 and s?
57
Let v(q) = 8 + 18*q**3 - 19*q**2 + 9*q**2 - 17*q**3 + 2*q. Let p be v(10). Let o be 5*14 - (0 - 0). Calculate the highest common divisor of o and p.
14
Suppose 102 = -4*d - 2*d. Let y = 21 + d. Calculate the greatest common factor of y and 36.
4
Let r(c) = 2*c**2 - c - 2. Let d be r(2). Let f = d - -38. What is the highest common divisor of 14 and f?
14
Suppose 10 = 3*s + 4. Suppose 3*n - 2*k - k + 18 = 0, -3*k = -n - 14. Let g be n*(-3 + 2 + -1). What is the highest common divisor of s and g?
2
Suppose 22 + 2 = 4*p. Suppose -p*v = -35 - 109. Calculate the greatest common divisor of 120 and v.
24
Let k(y) = -41*y - 2. Let u be k(-2). Let l be 63/14 + 322/28. Calculate the highest common factor of l and u.
16
Suppose 6*b - 5*b = 1425. What is the greatest common factor of 225 and b?
75
Let d be (((-16)/3)/2)/((-14)/21). Calculate the greatest common divisor of 356 and d.
4
Suppose -5*a + 665 + 645 = 0. Let c be (-18)/(-27) - a/(-3). Calculate the greatest common divisor of 8 and c.
8
Let a be (-312)/16*(-4 + 2). Let q = 73 - a. Suppose 3*i - 422 = -2*i + c, 3*i - 258 = -c. What is the greatest common factor of i and q?
17
Let t be -1 + 5 - ((-9 - 2) + -777). What is the highest common divisor of t and 66?
66
Let i be -6*(52/(-8))/1. Let t(o) = 4*o**2 - 3*o + 3. Suppose 0 = -5*q + 8 + 2. Let r be t(q). What is the highest common divisor of r and i?
13
Let n(v) = -2*v + 50. Let w be n(-5). What is the highest common factor of w and 8?
4
Suppose 16 = 4*q + 4. Suppose 0 = 2*x - 10, -q*t - x = -15 + 1. Suppose -t*j = -8 - 13. Calculate the highest common factor of 56 and j.
7
Let q = 15 + 12. Let c be 14*-1*(97 - 0). Let r be 24/(-30) + c/(-10). Calculate the greatest common divisor of r and q.
27
Let l(z) = z**3 + 4*z**2 - 2*z + 3. Let q be l(-4). Let h = -402 + 413. Calculate the highest common divisor of q and h.
11
Suppose 0 = 2*h + 4*o - 196, 2*h - 197 = -4*o + o. Calculate the greatest common divisor of 60 and h.
20
Let u = -12 - -9. Let q be (-1)/((u/(-8))/((-255)/20)). Suppose w + 67 = 2*d, -4*w = 4*d - 7*w - 133. Calculate the greatest common factor of q and d.
34
Let r(q) = q**3 + 2*q**2 + 3*q - 4. Let a be r(3). Let c = -463 + 863. What is the highest common factor of c and a?
50
Suppose 6*p + 5*z = 3*p + 34, z = p - 22. What is the greatest common factor of p and 198?
18
Let j be 13*(3 - 2) + 2. Let b = -15 + j. Let k be (-2 - -1)*b + 12. What is the highest common divisor of 30 and k?
6
Let r = -127 + 208. Let l = -31 - -33. Suppose -2*n + 4*k = 3*n - 155, 0 = l*n + 4*k - 34. What is the greatest common factor of n and r?
27
Suppose -4*s - 4*j + 57 = 1, 0 = 2*j - 4. Suppose 3*k + 150 = 8*k. Calculate the highest common divisor of s and k.
6
Let v be -3*(-74)/10 + (-117)/585. Calculate the greatest common divisor of v and 814.
22
Let f(z) = z + 2. Let w be f(7). Suppose -5*u + 4*u = -4. Let a(m) = 4*m**2 + 4*m + 1. Let k be a(u). What is the highest common factor of w and k?
9
Suppose y = z - 18, 53*z - 56*z + 4*y = -51. Let c be 189 - (2 + 0 - 2). What is the highest common factor of c and z?
21
Let x = -170 + 324. What is the greatest common factor of 88 and x?
22
Suppose -2*t - 840 = -17*t. Calculate the highest common factor of 70 and t.
14
Suppose 5*b - i - 885 + 50 = 0, -3*b - 4*i = -524. What is the greatest common factor of 24 and b?
24
Suppose 63*k - 73*k = 0. Let t be 74*1 - (-3 + 5). Suppose k = -4*s - 3*v + t, 5*s + 64 = 5*v + 189. Calculate the greatest common divisor of 7 and s.
7
Suppose -4*n - 20 = 0, -26 = -4*s - n - 11. Suppose c = -x + 6, 2*c - s*x + 5 = 52. Suppose -a - 30 = -41. Calculate the highest common divisor of a and c.
11
Let w be ((1 - 1) + -13)/((-8)/96). Let p = w - 152. What is the highest common factor of 44 and p?
4
Suppose -150 = -30*l + 25*l. Suppose -2*w - 3*w = -120. Suppose 6*c - 2*c = w. Calculate the highest common factor of l and c.
6
Suppose 0*k - 5*k + 5*v = 30, -v + 4 = 0. Let c(u) = 8*u + 5. Let d be c(k). Let m = d - -17. Calculate the highest common factor of m and 3.
3
Suppose 8 = 7*k - 27. What is the greatest common divisor of 10 and k?
5
Suppose 22*i + 2112 = 28*i. What is the greatest common factor of 11 and i?
11
Let c(a) = 186*a + 435. Let z be c(5). What is the greatest common divisor of 14 and z?
7
Suppose 5*n - 21 - 34 = 0. Let i(c) = -9*c + 28. Let g be i(-3). Calculate the highest common divisor of n and g.
11
Let u = 30 - -67. Let a = u + -61. Calculate the highest common divisor of a and 4.
4
Let a = -473 + 549. Calculate the greatest common divisor of a and 57.
19
Let n(d) = -d**2 + 6*d + 15. Let v be n(7). Let b(i) = -i + 1. Let x be b(-1). Suppose -c - 64 = -x*c. What is the highest common factor of v and c?
8
Let b(f) = 45*f + 206. Let k be b(36). Calculate the greatest common divisor of 11 and k.
11
Let r be (-32 - 5)*1*2. Let x = -2 - r. What is the greatest common divisor of x and 180?
36
Let r be (-1 - 7) + 11 - -5. What is the greatest common factor of r and 56?
8
Let c = 22 - 15. Suppose -c*y + 2*y + 22 = -s, -3*s + 34 = 5*y. Suppose 5*z = 5*i + 205, -45 - 40 = -2*z + 5*i. What is the greatest common divisor of z and y?
5
Let i = -26 + 116. Suppose 4*u = -3*o + 38, 8 = o + 4*u + 6. What is the highest common divisor of o and i?
18
Let a(c) = -c**3 - c**2 - 19. Let m be a(0). Let v = 171 - m. Calculate the greatest common factor of v and 10.
10
Let d(w) = w**3 + 17*w**2 + 31*w - 9. Let z be d(-9). Calculate the highest common divisor of 150 and z.
30
Let b(k) = k**3 - 3*k**2 + 3*k. Let g be b(4). Suppose w + w = g. Let u = -7 + w. What is the highest common divisor of 63 and u?
7
Suppose 2*x - 15 = -x. Let h = 24 + -20. Let l be 45*(h + (-1 - 2)). Calculate the highest common factor of l and x.
5
Let b be -11 + (-3 + -3 - -28). What is the highest common factor of b and 1375?
11
Let a(k) be the second derivative of k**3/6 + 13*k**2/2 - 5*k. Let g be a(-8). Suppose 130 = g*v - 95. Calculate the highest common divisor of 5 and v.
5
Let b = 1362 + -1289. What is the greatest common divisor of 949 and b?
73
Let m = 15 - 7. Suppose -u - 130 = -4*v + 222, -5*u - 88 = -v. Calculate the highest common divisor of m and v.
8
Let n = -1 - 1. Let z be (-88)/(n/1) + 22 + -22. Calculate the highest common factor of 4 and z.
4
Let y(r) = -r - 8. Suppose 0 = -2*p - m + 77, -p - 2*m + m + 36 = 0. Let s = 26 - p. Let q be y(s). What is the greatest common divisor of 1 and q?
1
Suppose -3*y = 2*y + 4*d + 43, -2*y + d = 12. Suppose 5*n - h = 13, -n + 4*h = -13 - 1. Let a = n - y. Calculate the greatest common factor of a and 9.
9
Let y(h) = 9*h + 63. Let t be y(13). Calculate the greatest common divisor of 40 and t.
20
Let q = -674 + 859. Calculate the greatest common divisor of 20 and q.
5
Let o(v) = -6*v - 2. Let n be o(-2). Let d(p) = 44*p. Let k be d(-3). Let w = k + 222. Calculate the greatest common factor of w and n.
10
Suppose -2*z + 6*z = 0. Let h be 18 + z + 0 + -3. Suppose 0*c = 3*c - 3*d - h, 0 = c + d - 11. What is the